{"id":101,"date":"2019-12-05T15:55:35","date_gmt":"2019-12-05T14:55:35","guid":{"rendered":"http:\/\/www.tiarvro22.bzh\/?page_id=101"},"modified":"2021-11-17T12:05:17","modified_gmt":"2021-11-17T11:05:17","slug":"annuaire-regional","status":"publish","type":"page","link":"https:\/\/www.tiarvro22.bzh\/index.php\/annuaire-regional\/","title":{"rendered":"Annuaire r\u00e9gional"},"content":{"rendered":"\t\t<div data-elementor-type=\"wp-page\" data-elementor-id=\"101\" class=\"elementor elementor-101\">\n\t\t\t\t\t\t<section class=\"elementor-section elementor-top-section elementor-element elementor-element-be82441 elementor-section-boxed elementor-section-height-default elementor-section-height-default\" data-id=\"be82441\" data-element_type=\"section\" data-e-type=\"section\">\n\t\t\t\t\t\t<div class=\"elementor-container elementor-column-gap-default\">\n\t\t\t\t\t<div class=\"elementor-column elementor-col-100 elementor-top-column elementor-element elementor-element-4fd5031\" data-id=\"4fd5031\" data-element_type=\"column\" data-e-type=\"column\">\n\t\t\t<div class=\"elementor-widget-wrap elementor-element-populated\">\n\t\t\t\t\t\t<div class=\"elementor-element elementor-element-86f4253 elementor-widget elementor-widget-image\" data-id=\"86f4253\" data-element_type=\"widget\" data-e-type=\"widget\" data-widget_type=\"image.default\">\n\t\t\t\t<div class=\"elementor-widget-container\">\n\t\t\t\t\t\t\t\t\t\t\t\t\t\t\t<img fetchpriority=\"high\" decoding=\"async\" width=\"625\" height=\"401\" src=\"https:\/\/www.tiarvro22.bzh\/wp-content\/uploads\/2019\/12\/manifestadeg2.jpg\" class=\"attachment-large size-large wp-image-111\" alt=\"Pour le breton\" srcset=\"https:\/\/www.tiarvro22.bzh\/wp-content\/uploads\/2019\/12\/manifestadeg2.jpg 713w, https:\/\/www.tiarvro22.bzh\/wp-content\/uploads\/2019\/12\/manifestadeg2-300x193.jpg 300w, https:\/\/www.tiarvro22.bzh\/wp-content\/uploads\/2019\/12\/manifestadeg2-624x401.jpg 624w\" sizes=\"(max-width: 625px) 100vw, 625px\" \/>\t\t\t\t\t\t\t\t\t\t\t\t\t\t\t<\/div>\n\t\t\t\t<\/div>\n\t\t\t\t<div class=\"elementor-element elementor-element-0f01e3f elementor-widget elementor-widget-text-editor\" data-id=\"0f01e3f\" data-element_type=\"widget\" data-e-type=\"widget\" data-widget_type=\"text-editor.default\">\n\t\t\t\t<div class=\"elementor-widget-container\">\n\t\t\t\t\t\t\t\t\t<p>Retrouvez ici l\u2019adresse de quelques grandes associations r\u00e9gionales de r\u00e9f\u00e9rence.<\/p><p><b>Bretagne Culture Diversit\u00e9<\/b><br \/>L\u2019Orientis &#8211; Immeuble Astr\u00e9e<br \/>3, bali Cosmao Dumanoir<br \/>56100 An Oriant <br \/>02 97 35 48 77<br \/><a href=\"http:\/\/www.bcd.bzh\" target=\"_blank\" rel=\"noopener\">www.bcd.bzh<\/a><\/p><p><b>Bretagne R\u00e9unie<\/b><br \/>3, straed Harouys BP 49032<br \/>44090 Naoned cedex 1<br \/>06 82 67 19 46<br \/><a href=\"http:\/\/www.bretagnereunie.bzh\" target=\"_blank\" rel=\"noopener\">www.bretagnereunie.bzh<\/a><\/p><p><b>C\u2019hoariva<\/b><br \/>13, straed Michel Le Nobletz<br \/>29100 Douarnenez<br \/>06 38 78 35 15<br \/><a href=\"http:\/\/www.teatr-brezhonek.bzh\" target=\"_blank\" rel=\"noopener\">www.teatr-brezhonek.bzh<\/a><\/p><p><b>Cin\u00e9math\u00e8que de Bretagne<\/b><br \/>2, bali Cl\u00e9menceau &#8211; BP 81011<br \/>29210 Brest Cedex 1<br \/>02 98 43 38 95<br \/><a href=\"http:\/\/www.cinematheque-bretagne.fr\" target=\"_blank\" rel=\"noopener\">www.cinematheque-bretagne.fr<\/a><\/p><p><b>Conf\u00e9d\u00e9ration FALSAB<\/b><br \/>Conf\u00e9d\u00e9ration des Jeux et Sports Traditionnels de Bretagne<br \/>Complexe sportif &#8211; Sal Artus<br \/>56 920 Noal-Pondi<br \/>02 97 08 21 20<br \/><a href=\"http:\/\/www.falsab.com\" target=\"_blank\" rel=\"noopener\">www.falsab.com<\/a><\/p><p><b>Conf\u00e9d\u00e9ration Kenleur<\/b><br \/>1, rue de Su\u00e8de \u2013 Porte Oc\u00e9ane<br \/>56400 An Alre<br \/>02 97 58 10 50<br \/><a href=\"http:\/\/www.kenleur.bzh\">www.kenleur.bzh<\/a><\/p><p><b>Conseil Culturel de Bretagne<\/b><br \/>Kuzul Sevenadurel Breizh<br \/>283, bali ar Jeneral Patton<br \/>CS 21101<br \/>35083 Roazhon Cedex 7<br \/>02 99 27 18 30<br \/><a href=\"http:\/\/www.bretagne.bzh\" target=\"_blank\" rel=\"noopener\">www.bretagne.bzh<\/a><\/p><p><b>Coop Breizh<\/b><br \/>Kerangwenn 29540 Speied<br \/>02 98 93 83 14<br \/><a href=\"http:\/\/www.coop-breizh.fr\" target=\"_blank\" rel=\"noopener\">www.coop-breizh.fr<\/a><\/p><p><b>D.A.O (Deski\u00f1 d\u2019An Oadourien)<\/b><br \/>Ti ar Vro, 6 plasenn Gwirio\u00f9 Mab-den<br \/>29270 Karaez<br \/>09 51 82 37 29<br \/><a href=\"http:\/\/www.dao.bzh\" target=\"_blank\" rel=\"noopener\">www.dao.bzh <\/a><\/p><p><b>Daoulagad Breizh<\/b><br \/>13, hent Michel Le Nobletz BP 206<br \/>29172 Douarnenez<br \/>02 98 92 97 23<br \/><a href=\"http:\/\/www.daoulagad-breizh.org\" target=\"_blank\" rel=\"noopener\">www.daoulagad-breizh.org<\/a><\/p><p><b>Dastum<\/b><br \/>16, rue de la Sant\u00e9 35000 Roazhon<br \/>02 99 30 91 00<br \/><a href=\"http:\/\/www.dastum.bzh\" target=\"_blank\" rel=\"noopener\">www.dastum.bzh<\/a><\/p><p><b>Dihun Breizh<\/b><br \/>Maison de l\u2019Octroi<br \/>2, Bali Viollard 56300 Pondi<br \/>09 81 22 64 49<br \/><a href=\"http:\/\/www.dihunbreizh.bzh\" target=\"_blank\" rel=\"noopener\">www.dihunbreizh.bzh<\/a><\/p><p><b>Divskouarn<\/b><br \/>Liorzh-Parc de kerlaouen<br \/>29260 Lesneven<br \/>09 81 44 42 96<br \/><a href=\"http:\/\/www.divskouarn.fr\" target=\"_blank\" rel=\"noopener\">www.divskouarn.fr<\/a><\/p><p><b>Div Yezh Breizh<\/b><br \/>Ti ar Vro \u2013 Hent Jean Monnet<br \/>22140 Kawan<br \/>02 56 35 51 21<br \/><a href=\"http:\/\/div-yezh.bzh\" target=\"_blank\" rel=\"noopener\">div-yezh.bzh<\/a><\/p><p><b>Diwan Breizh<\/b><br \/>ZA Sant Ernel &#8211; BP 147 <br \/>29411 Landerne Cedex<br \/>02 98 21 33 69<br \/><a href=\"http:\/\/www.diwan.bzh\" target=\"_blank\" rel=\"noopener\">www.diwan.bzh<\/a><\/p><p><b>Dizale<\/b><br \/>1, hent ar Baradoz 29000 Kemper<br \/>09 71 16 21 44<br \/><a href=\"http:\/\/www.dizale.bzh\" target=\"_blank\" rel=\"noopener\">www.dizale.bzh<\/a><\/p><p><b>F\u00e9d\u00e9ration de Gouren<\/b><br \/>10, hent Sant-Ernel 29800 landerne <br \/>02 98 85 40 48<br \/><a href=\"http:\/\/www.gouren.bzh\" target=\"_blank\" rel=\"noopener\">www.gouren.bzh<\/a><\/p><p><b>F\u00eate de la Bretagne \/ Gouel Breizh<\/b><br \/>02 99 27 10 12<br \/><a href=\"mailto:fetedelabretagne@bretagne.bzh\" target=\"_blank\" rel=\"noopener\">fetedelabretagne@bretagne.bzh<\/a><br \/><a href=\"http:\/\/www.fetedelabretagne.bzh\" target=\"_blank\" rel=\"noopener\">www.fetedelabretagne.bzh<\/a><\/p><p><b>Glenmor an Distro<\/b><br \/>Herv\u00e9 Le Borgne<br \/>38, Kergaourant 29270 Karaez<br \/>02 22 12 70 27 &#8211; 06 07 37 77 18<\/p><p><b>Gouelio\u00f9 Breizh<\/b><br \/><i><b>F\u00e9d\u00e9ration des F\u00eates et Festival de culture bretonne<\/b><\/i><br \/>1, hent an Ti-Post<br \/>22700 Perroz-Gireg<br \/>02 96 49 08 92<br \/><a href=\"mailto:gouelioubreizh@gmail.com\" target=\"_blank\" rel=\"noopener\">gouelioubreizh@gmail.com<\/a><br \/><a href=\"http:\/\/www.gouelioubreizh.bzh\" target=\"_blank\" rel=\"noopener\">www.gouelioubreizh.bzh<\/a><\/p><p><b>Institut Culturel de Bretagne<br \/>Skol Uhel ar Vro<\/b><br \/>3, straed Al Lezenn 56000 Gwened<br \/>02 97 68 31 10<br \/><a href=\"http:\/\/www.skoluhelarvro.bzh\" target=\"_blank\" rel=\"noopener\">www.skoluhelarvro.bzh<\/a><\/p><p><b>KEAV<\/b><br \/>22 hent Mouliouenn 29000 Kemper<br \/>02 98 95 59 31<br \/><a href=\"http:\/\/www.keav.bzh\" target=\"_blank\" rel=\"noopener\">www.keav.bzh<\/a><\/p><p><b>Kerne Leon Treger \u2013 KLT<\/b><br \/>41, kae Leon 29600 Montroulez<br \/>02 98 63 98 79<br \/>06 82 77 10 10<br \/><a href=\"http:\/\/www.klt.bzh\" target=\"_blank\" rel=\"noopener\">www.klt.bzh<\/a><\/p><p><b>Mission Bretonne \/ Ti ar Vretoned<\/b><br \/>22, rue Delambre 75014 Paris<br \/>01 43 35 26 41<br \/><a href=\"http:\/\/www.missionbretonne.bzh\" target=\"_blank\" rel=\"noopener\">www.missionbretonne.bzh<\/a><\/p><p><b>Ofis ar Brezhoneg<\/b><br \/>Karaez (Sez Sokial)<br \/>32, bis straed ar Verzherien<br \/>29270 Karaez-Ploug\u00ear<br \/>02 98 99 30 10<br \/><a href=\"http:\/\/www.brezhoneg.bzh\" target=\"_blank\" rel=\"noopener\">www.brezhoneg.bzh<\/a><\/p><p><b>Redadeg<\/b><br \/>BP 15 &#8211; 35310 Morzhell<br \/>09 61 20 26 11 &#8211; 06 08 64 99 72<br \/><a href=\"http:\/\/www.ar-redadeg.bzh\" target=\"_blank\" rel=\"noopener\">www.ar-redadeg.bzh<\/a><\/p><p><b>Roudour<\/b><br \/>Scop Roudour \u2013 Ti ar Vro<br \/>6, plasenn Gwirio\u00f9 Mab-den<br \/>29270 Karaez<br \/>02 98 99 75 81<br \/><a href=\"mailto:degemer@roudour.bzh\" target=\"_blank\" rel=\"noopener\">degemer@roudour.bzh<\/a><br \/><a href=\"http:\/\/www.roudour.bzh\" target=\"_blank\" rel=\"noopener\">www.roudour.bzh<\/a><\/p><p><b>Skoazell Vreizh <\/b><br \/>2, straed Amiral Emeriau 29270 Karaez<br \/>06 81 00 89 96<br \/><a href=\"http:\/\/www.skoazell-vreizh.bzh\" target=\"_blank\" rel=\"noopener\">www.skoazell-vreizh.bzh<\/a><\/p><p><b>Skol an Emsav<\/b><br \/>25, straed Pierre Martin<br \/>35000 Roazhon<br \/>02 99 38 75 83<br \/><a href=\"http:\/\/www.skolanemsav.com\" target=\"_blank\" rel=\"noopener\">www.skolanemsav.com<\/a><\/p><p><b>Sonerion<\/b><br \/>2, Chemin du Conservatoire<br \/>56270 Pla\u00f1vour<br \/>02 97 86 05 54<br \/><a href=\"http:\/\/www.sonerion.bzh\" target=\"_blank\" rel=\"noopener\">www.sonerion.bzh<\/a><\/p><p><b>Sonerion 22<\/b><br \/><a href=\"mailto:aodouanarvro@sonerion.bzh\">aodouanarvro@sonerion.bzh<\/a><\/p><p><b>Stumdi<\/b><br \/>Kreizenn \/ Centre Th\u00e9o Le Borgne<br \/>1, straed an Dr Pouliquen<br \/>29800 Landerne<br \/>02 98 21 39 94<br \/><a href=\"http:\/\/www.stumdi.bzh\" target=\"_blank\" rel=\"noopener\">www.stumdi.bzh<\/a><\/p><p><b>Tamm-Kreiz<\/b><br \/>138, rue du L\u00e9gu\u00e9 22000 St-Brieg<br \/>06 95 50 87 41<br \/><a href=\"http:\/\/www.tamm-kreiz.bzh\" target=\"_blank\" rel=\"noopener\">www.tamm-kreiz.bzh<\/a><\/p><p><b>Universit\u00e9 de Bretagne Occidentale<br \/>Centre de Recherche Bretonne et Celtique<\/b><br \/>Fili\u00e8re Breton et Celtique<br \/>20, straed Duquesne CS 93837<br \/>29238 Brest Cedex 3<br \/><a href=\"http:\/\/www.univ-brest.fr\/crbc\" target=\"_blank\" rel=\"noopener\">www.univ-brest.fr\/crbc<\/a><\/p><p><b>Universit\u00e9 Rennes 2<\/b><br \/><i><b>Fili\u00e8re Breton et Celtique<\/b><\/i><br \/>plasenn ar Rektor Henri Moal<br \/>CS 24307 &#8211; 35043 Roazhon cedex<br \/>02 99 14 17 02<br \/><a href=\"http:\/\/www.univ-rennes2.fr\/breton-celtique\" target=\"_blank\" rel=\"noopener\">www.univ-rennes2.fr\/breton-celtique<\/a><\/p>\t\t\t\t\t\t\t\t<\/div>\n\t\t\t\t<\/div>\n\t\t\t\t\t<\/div>\n\t\t<\/div>\n\t\t\t\t\t<\/div>\n\t\t<\/section>\n\t\t\t\t<\/div>\n\t\t","protected":false},"excerpt":{"rendered":"<p>Retrouvez ici l\u2019adresse de quelques grandes associations r\u00e9gionales de r\u00e9f\u00e9rence. Bretagne Culture Diversit\u00e9L\u2019Orientis &#8211; Immeuble Astr\u00e9e3, bali Cosmao Dumanoir56100 An Oriant 02 97 35 48 77www.bcd.bzh Bretagne R\u00e9unie3, straed Harouys&#8230; <a href=\"https:\/\/www.tiarvro22.bzh\/index.php\/annuaire-regional\/\">da heul &raquo;<\/a><\/p>\n","protected":false},"author":1,"featured_media":0,"parent":0,"menu_order":0,"comment_status":"closed","ping_status":"closed","template":"","meta":{"footnotes":""},"class_list":["post-101","page","type-page","status-publish","hentry"],"_links":{"self":[{"href":"https:\/\/www.tiarvro22.bzh\/index.php\/wp-json\/wp\/v2\/pages\/101","targetHints":{"allow":["GET"]}}],"collection":[{"href":"https:\/\/www.tiarvro22.bzh\/index.php\/wp-json\/wp\/v2\/pages"}],"about":[{"href":"https:\/\/www.tiarvro22.bzh\/index.php\/wp-json\/wp\/v2\/types\/page"}],"author":[{"embeddable":true,"href":"https:\/\/www.tiarvro22.bzh\/index.php\/wp-json\/wp\/v2\/users\/1"}],"replies":[{"embeddable":true,"href":"https:\/\/www.tiarvro22.bzh\/index.php\/wp-json\/wp\/v2\/comments?post=101"}],"version-history":[{"count":8,"href":"https:\/\/www.tiarvro22.bzh\/index.php\/wp-json\/wp\/v2\/pages\/101\/revisions"}],"predecessor-version":[{"id":1218,"href":"https:\/\/www.tiarvro22.bzh\/index.php\/wp-json\/wp\/v2\/pages\/101\/revisions\/1218"}],"wp:attachment":[{"href":"https:\/\/www.tiarvro22.bzh\/index.php\/wp-json\/wp\/v2\/media?parent=101"}],"curies":[{"name":"wp","href":"https:\/\/api.w.org\/{rel}","templated":true}]}}